 72 = -i*s, 0 = -2*p + 4*s + 31 + 23. What are the prime factors of p?
3, 7
Suppose -3*b + a - 25 = -a, 4*a = 5*b + 41. What are the prime factors of b/18 + (-15)/(-2)?
7
Suppose -4*x + 1 + 55 = 0. Let h = 10 - x. Let t = h + 16. List the prime factors of t.
2, 3
Let f(w) = w**2 + 9*w - 8. List the prime factors of f(9).
2, 7, 11
Let c(r) = r**2 - r + 3. What are the prime factors of c(3)?
3
Let p = -6 - -11. Suppose 71 = 3*m - a, -p*a - 102 = 2*m - 6*m. What are the prime factors of m?
23
Suppose -f + 3408 = 3*f. What are the prime factors of 4/18 + f/54?
2
Suppose -4*z - 578 = -3*m, -5*z - 756 = -4*m - 7*z. List the prime factors of m.
2, 5, 19
Suppose -8*g + 4*g + 4*z = -312, 300 = 4*g + 2*z. List the prime factors of g.
2, 19
Suppose -2 = -4*i - 34. Let c be 2/(i/(-6))*2. Suppose 3*m - 5*v = 19, -c*v + 24 + 53 = 5*m. What are the prime factors of m?
13
Suppose -12*w + 200 = -4*w. List the prime factors of w.
5
Let l be 10/(-5)*122/(-4). Suppose -2*z = -2, -3*d + 3*z = -2*z - l. List the prime factors of d.
2, 11
Suppose 7*b - 1189 - 162 = 0. What are the prime factors of b?
193
Let c(t) = t**3 - 6*t**2 - 22. What are the prime factors of c(9)?
13, 17
Suppose 2*k = 2*n - 3*k, -2*n + 16 = 3*k. Suppose 23 = n*s - 62. List the prime factors of s.
17
Let d(q) = 2*q**3 + 2*q**2 - 4*q. Let g be d(-3). Let p = -21 - -36. What are the prime factors of 30*(g/p - -2)?
2, 3
Suppose 0 = x - 41 - 9. List the prime factors of x.
2, 5
Suppose 0 = 2*q - 8 + 4. What are the prime factors of q?
2
Let c(g) = g**3 - 5*g**2 - 7*g. Let y be c(7). Let v = y + -35. What are the prime factors of v?
2, 7
Suppose 0 = -4*i + 14 - 2. List the prime factors of i.
3
List the prime factors of (-77)/(-3) + 1/3.
2, 13
Let g = -6 - -16. Let m be 248/5 - g/(-25). Suppose 4*s + 0*s - 40 = -2*t, 0 = -5*s - 4*t + m. What are the prime factors of s?
2, 5
Let k(m) = -m**2 - m + 18. What are the prime factors of k(0)?
2, 3
Let f(g) = -g**2 + 9*g + 3. Suppose 2*p = k - 8 + 3, 3*k + 3*p = -12. Let i = 9 + k. List the prime factors of f(i).
11
Let x = 253 - 184. List the prime factors of x.
3, 23
Suppose 3*g - 37 = 4*s - 10, 0 = -5*g - 3*s + 45. List the prime factors of g.
3
Let n(d) be the first derivative of -d**4/4 + 2*d**3 - 3*d**2/2 - d + 1. What are the prime factors of n(4)?
19
Suppose -28*l + 23*l = -545. List the prime factors of l.
109
Let n(q) = -4*q - 6 + 4*q - 2*q + q**2. Let a be n(5). Suppose 4*y = -a + 37. List the prime factors of y.
7
Suppose 0 = -2*k + k + 3. Suppose -3*c = 3*c. Let p = c + k. What are the prime factors of p?
3
List the prime factors of 12/16 + (-117)/(-4).
2, 3, 5
Suppose 59 = s + z - 3*z, 3*s + 3*z = 177. List the prime factors of s.
59
Let j = 110 + -66. Let n = -31 + j. List the prime factors of n.
13
Suppose x = -x + 8. Suppose 0 = -x*z - 35 + 11. Let q = 0 - z. List the prime factors of q.
2, 3
Let s be (12/(-15))/(2/20). Let p(m) = -5*m - 20. List the prime factors of p(s).
2, 5
Suppose -4*x - 3*h = h - 196, 2*h = -x + 49. Let b = x + -32. List the prime factors of b.
17
Let c = -1 + -1. List the prime factors of (c - -1) + 14*1.
13
Let z(s) = -s**2 + 7*s - 7. Let m = 4 - 4. Let k be (5 + m)/(1/1). What are the prime factors of z(k)?
3
Let h(b) = -2*b + 3. Suppose 5*r = 3*r - 12. Let n(j) = j**3 + 7*j**2 + 6*j - 5. Let o be n(r). What are the prime factors of h(o)?
13
Let d(y) = -2*y. Let u = -4 + 1. Let n be d(u). Suppose 3*k + 29 = n*k + 2*o, 0 = o - 1. What are the prime factors of k?
3
Suppose 5*a + 2*c + 2 = 0, -7*c - 4 = 4*a - 3*c. Let u(k) = -k**2 - k + 22. Let r be u(a). Let v = r - 3. List the prime factors of v.
19
Suppose 0 = -t + 6 - 1. Suppose -t*c = -233 + 83. What are the prime factors of c?
2, 3, 5
Suppose -o = -2, 0 = 3*w - 3*o - 35 - 100. List the prime factors of w.
47
Let b(n) = -n**3 + 6*n**2 - 2*n + 3. Let x = -8 + 13. Let u be b(x). Let z = u - 7. What are the prime factors of z?
11
Let u = 5 - 8. List the prime factors of 3/(9/102) - u.
37
Let g = 12 + -8. Suppose t + s - 51 = 0, g*t + s - 198 = -0*s. What are the prime factors of t?
7
Suppose 51*a - 172 = 49*a. What are the prime factors of a?
2, 43
Suppose 2*a - 76 = -4*x, 0 = 2*a + 2*a - 2*x - 172. List the prime factors of a.
2, 3, 7
Let x(q) be the second derivative of q**5/20 - 5*q**4/12 + q**3 - 3*q**2 + 3*q. What are the prime factors of x(4)?
2
Let w be (-10)/15*(-18)/(-4). List the prime factors of (2/w)/((-12)/342).
19
Let r(f) = f**3 + 9*f**2 - 7*f + 5. Let k be r(-10). List the prime factors of (-1115)/k - 3/5.
2, 11
Let f = 2 - 4. Let q be (f - -18)/(-1 - -2). Let c = q - 10. List the prime factors of c.
2, 3
Let o(x) = x**3 - 6*x**2 + 4*x - 6. Let q be o(6). Let k be 10*3/q*3. Suppose -3*g = 4*y - 18, 2*g - 23 = -k*y - 2*g. List the prime factors of y.
3
Suppose 0*a + 26 = a. List the prime factors of a.
2, 13
Let u(b) = -9*b**2 + 17*b - 4. Let v(w) = 2*w**2 + 9*w - 4*w**2 - 3*w**2 - 2. Let y(f) = 4*u(f) - 7*v(f). List the prime factors of y(4).
2
Suppose -3*v = 2*r - 134, 2*r = r - 2*v + 67. Suppose h - 5*z = -3 + 47, 2*z = 3*h - r. What are the prime factors of h?
19
Let v(r) = -4*r. Let g be v(-2). Suppose -1 = w - g. Suppose w = t - 0*t. List the prime factors of t.
7
Suppose -3*m + 6*m + 381 = 0. Let q = m - -217. What are the prime factors of (q/24)/((-3)/(-8))?
2, 5
Suppose 0 = j - 3*j. List the prime factors of -9 + 5 - (j - 37).
3, 11
Let c(z) be the first derivative of 3/2*z**2 - 6*z + 3. List the prime factors of c(6).
2, 3
List the prime factors of (90/21)/(8/56).
2, 3, 5
Let f = 5 + -2. Suppose -125 = -f*n - 2*n. Suppose n = 4*k - d, -2*k + 4*k - 10 = -2*d. What are the prime factors of k?
2, 3
Let r = 5 - 5. Suppose r = 5*f - 16 - 104. List the prime factors of f.
2, 3
Suppose 0*l + 10 = -2*l. What are the prime factors of 2/l + (-148)/(-20)?
7
Suppose -2*o = 5*x + 3*o - 50, 3*x - 5*o + 10 = 0. What are the prime factors of x?
5
Let s(i) = 2*i + 50. List the prime factors of s(0).
2, 5
Suppose 3*y + 2*v - 3*v = 8, 0 = 5*v + 25. Let x(c) = -7*c + 9. Let h be x(6). List the prime factors of 0 - (y - h/(-3)).
2, 5
Let x be (2 + -3)*(-22 - 2). Suppose 0 = -w + 5*t + x, 4*w - 3*t - 20 = 3*w. List the prime factors of w.
2, 7
Suppose 0 = -4*n - 40 + 128. Suppose 0 = 3*i + 3*a - 8*a - n, i = -5*a + 14. List the prime factors of i.
3
Let q = 0 - -34. Let x = -20 + q. List the prime factors of x.
2, 7
Suppose 4 = 5*h - 1. Let k(r) = -r**3 + 3*r - 4 + 7*r**2 - 2*r + h. What are the prime factors of k(7)?
2
What are the prime factors of -4 + (-4 - -4 - -61)?
3, 19
Let b(x) = x + 4. Let r be b(-4). Suppose 3*l - 59 + 8 = r. List the prime factors of l.
17
Let a = -5 + 5. Let x = 3 + a. List the prime factors of x.
3
Suppose -3*d + 7*d = 4*g - 8, -5*g + 5 = -4*d. Let a = 40 + g. List the prime factors of a.
37
Let y = 112 - 70. What are the prime factors of y?
2, 3, 7
Let j(y) be the first derivative of y**3/3 - 3*y**2 + 9*y - 1. Let h = -77 + 83. List the prime factors of j(h).
3
Let m(f) = f + 1. Let n be m(2). Suppose -a + 7 + n = 0. What are the prime factors of a?
2, 5
Suppose 5*p = 2*x, -p - 28 = -4*x + 2*p. Let t = x - -10. What are the prime factors of t?
2, 5
Let j be 0 - ((-4)/(-2))/(-2). Suppose 8 = -h + 2*h. Let q = j + h. What are the prime factors of q?
3
Let q be (6/4)/((-3)/(-32)). Let p = q + -7. Let z = p - 6. List the prime factors of z.
3
Let i(m) = 2*m**2 - 4*m - 6. Let z(r) = 3*r**2 - 9*r - 13. Let u(j) = 5*i(j) - 2*z(j). What are the prime factors of u(3)?
2, 13
Suppose 2*m = -3*f + 2, -4*f = -2*m - m + 3. Suppose 0 = c + 5*i - 11, -i + f*i = -5*c + 29. What are the prime factors of c?
2, 3
List the prime factors of (2/4)/((-3)/(-12)).
2
Let x = -1 - -46. What are the prime factors of x?
3, 5
Let z(k) = -60*k - 30. What are the prime factors of z(-7)?
2, 3, 5, 13
Let w = -8 - -11. Suppose w*v - 10 = 26. What are the prime factors of v?
2, 3
Let y = 18 + -13. Let x(f) = f**2 - 4*f + 7. What are the prime factors of x(y)?
2, 3
What are the prime factors of (((-9)/(-2))/(-3))/(9/(-126))?
3, 7
Suppose -z = -37 + 14. Suppose -35 = 2*g - 9. Let o = g + z. What are the prime factors of o?
2, 5
Suppose -3*v + v = -24. Let l = -11 + 4. Let w = v + l. List the prime factors of w.
5
Suppose 2*v - 24 = 3*k + v, 0 = 4*k + 5*v + 51. Let g